{"id":86,"date":"2024-04-23T18:12:02","date_gmt":"2024-04-23T16:12:02","guid":{"rendered":"https:\/\/www.goednoe.at\/wordpress\/?page_id=86"},"modified":"2026-01-06T18:36:54","modified_gmt":"2026-01-06T17:36:54","slug":"beispiel-seite-2","status":"publish","type":"page","link":"https:\/\/www.goednoe.at\/wordpress\/beispiel-seite-2\/","title":{"rendered":"Soziales"},"content":{"rendered":"\n<figure class=\"wp-block-gallery has-nested-images columns-default is-cropped wp-block-gallery-1 is-layout-flex wp-block-gallery-is-layout-flex\">\n<figure class=\"wp-block-image size-large is-style-rounded\"><a href=\"https:\/\/prolalei.penspower.at\/index.html\" target=\"_blank\" rel=\" noreferrer noopener\"><img data-opt-id=1296247896  fetchpriority=\"high\" decoding=\"async\" width=\"1024\" height=\"110\" data-id=\"559\" src=\"https:\/\/mlx6iuq9jbbn.i.optimole.com\/cb:RIpd.55f7a\/w:1024\/h:110\/q:mauto\/f:best\/https:\/\/www.goednoe.at\/wordpress\/wp-content\/uploads\/2024\/06\/Screenshot-2024-06-23-111553.png\" alt=\"\" class=\"wp-image-559\" srcset=\"https:\/\/mlx6iuq9jbbn.i.optimole.com\/cb:RIpd.55f7a\/w:1024\/h:110\/q:mauto\/f:best\/https:\/\/www.goednoe.at\/wordpress\/wp-content\/uploads\/2024\/06\/Screenshot-2024-06-23-111553.png 1024w, https:\/\/mlx6iuq9jbbn.i.optimole.com\/cb:RIpd.55f7a\/w:300\/h:32\/q:mauto\/f:best\/https:\/\/www.goednoe.at\/wordpress\/wp-content\/uploads\/2024\/06\/Screenshot-2024-06-23-111553.png 300w, https:\/\/mlx6iuq9jbbn.i.optimole.com\/cb:RIpd.55f7a\/w:768\/h:82\/q:mauto\/f:best\/https:\/\/www.goednoe.at\/wordpress\/wp-content\/uploads\/2024\/06\/Screenshot-2024-06-23-111553.png 768w, https:\/\/mlx6iuq9jbbn.i.optimole.com\/cb:RIpd.55f7a\/w:1248\/h:134\/q:mauto\/f:best\/https:\/\/www.goednoe.at\/wordpress\/wp-content\/uploads\/2024\/06\/Screenshot-2024-06-23-111553.png 1248w\" sizes=\"(max-width: 750px) 100vw, 750px\" \/><\/a><\/figure>\n<\/figure>\n\n\n\n<figure class=\"wp-block-image size-large is-style-rounded\"><img data-opt-id=496994485  fetchpriority=\"high\" decoding=\"async\" width=\"1024\" height=\"62\" src=\"https:\/\/mlx6iuq9jbbn.i.optimole.com\/cb:RIpd.55f7a\/w:1024\/h:62\/q:mauto\/f:best\/https:\/\/www.goednoe.at\/wordpress\/wp-content\/uploads\/2024\/06\/Screenshot-2024-06-23-111603.png\" alt=\"\" class=\"wp-image-560\" srcset=\"https:\/\/mlx6iuq9jbbn.i.optimole.com\/cb:RIpd.55f7a\/w:1024\/h:62\/q:mauto\/f:best\/https:\/\/www.goednoe.at\/wordpress\/wp-content\/uploads\/2024\/06\/Screenshot-2024-06-23-111603.png 1024w, https:\/\/mlx6iuq9jbbn.i.optimole.com\/cb:RIpd.55f7a\/w:300\/h:18\/q:mauto\/f:best\/https:\/\/www.goednoe.at\/wordpress\/wp-content\/uploads\/2024\/06\/Screenshot-2024-06-23-111603.png 300w, https:\/\/mlx6iuq9jbbn.i.optimole.com\/cb:RIpd.55f7a\/w:768\/h:47\/q:mauto\/f:best\/https:\/\/www.goednoe.at\/wordpress\/wp-content\/uploads\/2024\/06\/Screenshot-2024-06-23-111603.png 768w, https:\/\/mlx6iuq9jbbn.i.optimole.com\/cb:RIpd.55f7a\/w:1253\/h:76\/q:mauto\/f:best\/https:\/\/www.goednoe.at\/wordpress\/wp-content\/uploads\/2024\/06\/Screenshot-2024-06-23-111603.png 1253w\" sizes=\"(max-width: 750px) 100vw, 750px\" \/><\/figure>\n\n\n\n<div class=\"wp-block-columns is-layout-flex wp-container-core-columns-is-layout-28f84493 wp-block-columns-is-layout-flex\">\n<div class=\"wp-block-column is-layout-flow wp-block-column-is-layout-flow\">\n<h4 class=\"wp-block-heading\" id=\"start\"><a href=\"https:\/\/prolalei.penspower.at\/index.html\" target=\"_blank\" rel=\"noreferrer noopener nofollow\">\u00dcbersicht<\/a><br><a href=\"https:\/\/prolalei.penspower.at\/index.html\" target=\"_blank\" rel=\"noreferrer noopener nofollow\">Information hier<\/a><\/h4>\n<\/div>\n\n\n\n<div class=\"wp-block-column is-layout-flow wp-block-column-is-layout-flow\">\n<figure class=\"wp-block-image size-full\"><img data-opt-id=1230413333  fetchpriority=\"high\" decoding=\"async\" width=\"710\" height=\"272\" src=\"https:\/\/mlx6iuq9jbbn.i.optimole.com\/cb:RIpd.55f7a\/w:auto\/h:auto\/q:mauto\/f:best\/https:\/\/www.goednoe.at\/wordpress\/wp-content\/uploads\/2025\/11\/Screenshot-2025-11-05-161636.png\" alt=\"\" class=\"wp-image-1726\" srcset=\"https:\/\/mlx6iuq9jbbn.i.optimole.com\/cb:RIpd.55f7a\/w:710\/h:272\/q:mauto\/f:best\/https:\/\/www.goednoe.at\/wordpress\/wp-content\/uploads\/2025\/11\/Screenshot-2025-11-05-161636.png 710w, https:\/\/mlx6iuq9jbbn.i.optimole.com\/cb:RIpd.55f7a\/w:300\/h:115\/q:mauto\/f:best\/https:\/\/www.goednoe.at\/wordpress\/wp-content\/uploads\/2025\/11\/Screenshot-2025-11-05-161636.png 300w\" sizes=\"(max-width: 710px) 100vw, 710px\" \/><\/figure>\n\n\n\n<p><a href=\"https:\/\/prolalei.penspower.at\/sites\/04_Pensionen\/pensionsanpassung_2025BV22.html\"><strong>Pensionsanpassung 2026<\/strong><\/a><br>in der gesetzlichen Pensionsversicherung und im Pensionsrecht der Bundesbeamten dazugeh\u00f6rend auch Landeslehrer<\/p>\n\n\n\n<p><strong>Datenquellen:<\/strong> PARLAMENTSKORRESPONDENZ<\/p>\n<\/div>\n<\/div>\n\n\n\n<p><strong>Achten auch Sie auf Ihre Gesundheit.<\/strong><br>N\u00e4here Informationen bei Ihrer Sozialversicherung.<\/p>\n\n\n\n<div class=\"wp-block-columns is-layout-flex wp-container-core-columns-is-layout-28f84493 wp-block-columns-is-layout-flex\">\n<div class=\"wp-block-column is-layout-flow wp-block-column-is-layout-flow\">\n<figure class=\"wp-block-image size-full\"><a href=\"https:\/\/www.sozialversicherung.at\/\" target=\"_blank\" rel=\" noreferrer noopener\"><img data-opt-id=1991602364  data-opt-src=\"https:\/\/mlx6iuq9jbbn.i.optimole.com\/cb:RIpd.55f7a\/w:auto\/h:auto\/q:mauto\/f:best\/https:\/\/www.goednoe.at\/wordpress\/wp-content\/uploads\/2024\/06\/DF_SV-400b.gif\"  decoding=\"async\" width=\"400\" height=\"143\" src=\"data:image/svg+xml,%3Csvg%20viewBox%3D%220%200%20100%%20100%%22%20width%3D%22100%%22%20height%3D%22100%%22%20xmlns%3D%22http%3A%2F%2Fwww.w3.org%2F2000%2Fsvg%22%3E%3Crect%20width%3D%22100%%22%20height%3D%22100%%22%20fill%3D%22transparent%22%2F%3E%3C%2Fsvg%3E\" alt=\"sozialversicherung\" class=\"optimole-lazy-only  wp-image-626\"\/><\/a><\/figure>\n<\/div>\n\n\n\n<div class=\"wp-block-column is-layout-flow wp-block-column-is-layout-flow\">\n<figure class=\"wp-block-image size-full\"><a href=\"https:\/\/www.gesundheitskasse.at\/\" target=\"_blank\" rel=\" noreferrer noopener\"><img data-opt-id=1196988374  data-opt-src=\"https:\/\/mlx6iuq9jbbn.i.optimole.com\/cb:RIpd.55f7a\/w:auto\/h:auto\/q:mauto\/f:best\/https:\/\/www.goednoe.at\/wordpress\/wp-content\/uploads\/2024\/06\/OeGK-400b.gif\"  decoding=\"async\" width=\"400\" height=\"99\" src=\"data:image/svg+xml,%3Csvg%20viewBox%3D%220%200%20100%%20100%%22%20width%3D%22100%%22%20height%3D%22100%%22%20xmlns%3D%22http%3A%2F%2Fwww.w3.org%2F2000%2Fsvg%22%3E%3Crect%20width%3D%22100%%22%20height%3D%22100%%22%20fill%3D%22transparent%22%2F%3E%3C%2Fsvg%3E\" alt=\"\u00d6sterreichische Gesundheitskasse\" class=\"optimole-lazy-only  wp-image-627\"\/><\/a><\/figure>\n<\/div>\n<\/div>\n\n\n\n<figure class=\"wp-block-image size-full is-style-default\"><a href=\"https:\/\/www.bvaeb.at\/\" target=\"_blank\" rel=\" noreferrer noopener\"><img data-opt-id=791961765  data-opt-src=\"https:\/\/mlx6iuq9jbbn.i.optimole.com\/cb:RIpd.55f7a\/w:auto\/h:auto\/q:mauto\/f:best\/https:\/\/www.goednoe.at\/wordpress\/wp-content\/uploads\/2024\/06\/bvaeb.gif\"  decoding=\"async\" width=\"400\" height=\"138\" src=\"data:image/svg+xml,%3Csvg%20viewBox%3D%220%200%20100%%20100%%22%20width%3D%22100%%22%20height%3D%22100%%22%20xmlns%3D%22http%3A%2F%2Fwww.w3.org%2F2000%2Fsvg%22%3E%3Crect%20width%3D%22100%%22%20height%3D%22100%%22%20fill%3D%22transparent%22%2F%3E%3C%2Fsvg%3E\" alt=\"BVAEB\" class=\"optimole-lazy-only  wp-image-625\"\/><\/a><\/figure>\n\n\n\n<hr class=\"wp-block-separator has-alpha-channel-opacity\"\/>\n\n\n\n<p>FINANZIELLE UNTERST\u00dcTZUNG<br>Finanzielle Unterst\u00fctzung erhalten G\u00d6D-Mitglieder u.a. bei Hochwasser-, Brand-, Lawinen-, Hagel- bzw. Sturmsch\u00e4den.<\/p>\n\n\n<div class=\"wp-block-image\">\n<figure class=\"aligncenter size-full\"><a href=\"https:\/\/www.goed.at\/finanzielleunterstuetzung\" target=\"_blank\" rel=\"noreferrer noopener\"><img data-opt-id=1370815863  data-opt-src=\"https:\/\/mlx6iuq9jbbn.i.optimole.com\/cb:RIpd.55f7a\/w:auto\/h:auto\/q:mauto\/f:best\/https:\/\/www.goednoe.at\/wordpress\/wp-content\/uploads\/2024\/09\/Screenshot-2024-09-26-174504-e1727365883250.png\"  decoding=\"async\" width=\"623\" height=\"251\" src=\"https:\/\/mlx6iuq9jbbn.i.optimole.com\/cb:RIpd.55f7a\/w:auto\/h:auto\/q:eco\/f:best\/https:\/\/www.goednoe.at\/wordpress\/wp-content\/uploads\/2024\/09\/Screenshot-2024-09-26-174504-e1727365883250.png\" alt=\"\" class=\"wp-image-898\" old-srcset=\"https:\/\/mlx6iuq9jbbn.i.optimole.com\/cb:RIpd.55f7a\/w:623\/h:251\/q:mauto\/f:best\/https:\/\/www.goednoe.at\/wordpress\/wp-content\/uploads\/2024\/09\/Screenshot-2024-09-26-174504-e1727365883250.png 623w, https:\/\/mlx6iuq9jbbn.i.optimole.com\/cb:RIpd.55f7a\/w:300\/h:121\/q:mauto\/f:best\/https:\/\/www.goednoe.at\/wordpress\/wp-content\/uploads\/2024\/09\/Screenshot-2024-09-26-174504-e1727365883250.png 300w\" \/><\/a><\/figure>\n<\/div>\n\n\n<p>&#8212;&#8212;&#8212;&#8212;&#8212;&#8212;&#8212;&#8212;&#8212;&#8212;&#8212;&#8212;&#8212;&#8212;&#8212;&#8212;&#8212;&#8212;&#8212;&#8212;&#8212;&#8212;&#8212;&#8212;&#8212;&#8212;&#8211;<\/p>\n\n\n\n<div class=\"wp-block-columns has-very-light-gray-to-cyan-bluish-gray-gradient-background has-background is-layout-flex wp-container-core-columns-is-layout-28f84493 wp-block-columns-is-layout-flex\">\n<div class=\"wp-block-column is-layout-flow wp-block-column-is-layout-flow\">\n<figure class=\"wp-block-image size-full is-resized\"><img data-opt-id=791961765  data-opt-src=\"https:\/\/mlx6iuq9jbbn.i.optimole.com\/cb:RIpd.55f7a\/w:auto\/h:auto\/q:mauto\/f:best\/https:\/\/www.goednoe.at\/wordpress\/wp-content\/uploads\/2024\/06\/bvaeb.gif\"  decoding=\"async\" width=\"400\" height=\"138\" src=\"data:image/svg+xml,%3Csvg%20viewBox%3D%220%200%20100%%20100%%22%20width%3D%22100%%22%20height%3D%22100%%22%20xmlns%3D%22http%3A%2F%2Fwww.w3.org%2F2000%2Fsvg%22%3E%3Crect%20width%3D%22100%%22%20height%3D%22100%%22%20fill%3D%22transparent%22%2F%3E%3C%2Fsvg%3E\" alt=\"\" class=\"optimole-lazy-only  wp-image-625\" style=\"width:136px;height:auto\"\/><\/figure>\n\n\n\n<div class=\"wp-block-buttons is-layout-flex wp-block-buttons-is-layout-flex\">\n<div class=\"wp-block-button\"><a class=\"wp-block-button__link wp-element-button\" href=\"https:\/\/www.bvaeb.at\/\" target=\"_blank\" rel=\"noreferrer noopener nofollow\">BVAEB<\/a><\/div>\n<\/div>\n<\/div>\n\n\n\n<div class=\"wp-block-column is-layout-flow wp-block-column-is-layout-flow\">\n<figure class=\"wp-block-image size-full is-resized\"><img data-opt-id=1991602364  data-opt-src=\"https:\/\/mlx6iuq9jbbn.i.optimole.com\/cb:RIpd.55f7a\/w:auto\/h:auto\/q:mauto\/f:best\/https:\/\/www.goednoe.at\/wordpress\/wp-content\/uploads\/2024\/06\/DF_SV-400b.gif\"  decoding=\"async\" width=\"400\" height=\"143\" src=\"data:image/svg+xml,%3Csvg%20viewBox%3D%220%200%20100%%20100%%22%20width%3D%22100%%22%20height%3D%22100%%22%20xmlns%3D%22http%3A%2F%2Fwww.w3.org%2F2000%2Fsvg%22%3E%3Crect%20width%3D%22100%%22%20height%3D%22100%%22%20fill%3D%22transparent%22%2F%3E%3C%2Fsvg%3E\" alt=\"\" class=\"optimole-lazy-only  wp-image-626\" style=\"width:140px;height:auto\"\/><\/figure>\n\n\n\n<div class=\"wp-block-buttons is-layout-flex wp-block-buttons-is-layout-flex\">\n<div class=\"wp-block-button\"><a class=\"wp-block-button__link wp-element-button\" href=\"https:\/\/www.sozialversicherung.at\/\" target=\"_blank\" rel=\"noreferrer noopener nofollow\">SV<\/a><\/div>\n<\/div>\n<\/div>\n\n\n\n<div class=\"wp-block-column is-layout-flow wp-block-column-is-layout-flow\">\n<figure class=\"wp-block-image size-full is-resized\"><img data-opt-id=1196988374  data-opt-src=\"https:\/\/mlx6iuq9jbbn.i.optimole.com\/cb:RIpd.55f7a\/w:auto\/h:auto\/q:mauto\/f:best\/https:\/\/www.goednoe.at\/wordpress\/wp-content\/uploads\/2024\/06\/OeGK-400b.gif\"  decoding=\"async\" width=\"400\" height=\"99\" src=\"data:image/svg+xml,%3Csvg%20viewBox%3D%220%200%20100%%20100%%22%20width%3D%22100%%22%20height%3D%22100%%22%20xmlns%3D%22http%3A%2F%2Fwww.w3.org%2F2000%2Fsvg%22%3E%3Crect%20width%3D%22100%%22%20height%3D%22100%%22%20fill%3D%22transparent%22%2F%3E%3C%2Fsvg%3E\" alt=\"\" class=\"optimole-lazy-only  wp-image-627\" style=\"width:190px;height:auto\"\/><\/figure>\n\n\n\n<div class=\"wp-block-buttons is-layout-flex wp-block-buttons-is-layout-flex\">\n<div class=\"wp-block-button\"><a class=\"wp-block-button__link wp-element-button\" href=\"https:\/\/www.gesundheitskasse.at\/\" target=\"_blank\" rel=\"noreferrer noopener nofollow\">\u00d6GK<\/a><\/div>\n<\/div>\n<\/div>\n\n\n\n<div class=\"wp-block-column is-layout-flow wp-block-column-is-layout-flow\">\n<figure class=\"wp-block-image size-full is-resized\"><img data-opt-id=860365241  data-opt-src=\"https:\/\/mlx6iuq9jbbn.i.optimole.com\/cb:RIpd.55f7a\/w:auto\/h:auto\/q:mauto\/f:best\/https:\/\/www.goednoe.at\/wordpress\/wp-content\/uploads\/2024\/06\/PV-400b.gif\"  decoding=\"async\" width=\"400\" height=\"99\" src=\"data:image/svg+xml,%3Csvg%20viewBox%3D%220%200%20100%%20100%%22%20width%3D%22100%%22%20height%3D%22100%%22%20xmlns%3D%22http%3A%2F%2Fwww.w3.org%2F2000%2Fsvg%22%3E%3Crect%20width%3D%22100%%22%20height%3D%22100%%22%20fill%3D%22transparent%22%2F%3E%3C%2Fsvg%3E\" alt=\"\" class=\"optimole-lazy-only  wp-image-628\" style=\"width:206px;height:auto\"\/><\/figure>\n\n\n\n<div class=\"wp-block-buttons is-layout-flex wp-block-buttons-is-layout-flex\">\n<div class=\"wp-block-button\"><a class=\"wp-block-button__link wp-element-button\" href=\"https:\/\/www.pv.at\/\" target=\"_blank\" rel=\"noreferrer noopener nofollow\">PV<\/a><\/div>\n<\/div>\n<\/div>\n<\/div>\n\n\n\n<figure class=\"wp-block-image size-full is-style-rounded\"><img data-opt-id=709397963  data-opt-src=\"https:\/\/mlx6iuq9jbbn.i.optimole.com\/cb:RIpd.55f7a\/w:auto\/h:auto\/q:mauto\/f:best\/https:\/\/www.goednoe.at\/wordpress\/wp-content\/uploads\/2024\/06\/Screenshot-2024-06-23-104731.png\"  decoding=\"async\" width=\"1008\" height=\"195\" src=\"https:\/\/mlx6iuq9jbbn.i.optimole.com\/cb:RIpd.55f7a\/w:auto\/h:auto\/q:eco\/f:best\/https:\/\/www.goednoe.at\/wordpress\/wp-content\/uploads\/2024\/06\/Screenshot-2024-06-23-104731.png\" alt=\"\" class=\"wp-image-546\" old-srcset=\"https:\/\/mlx6iuq9jbbn.i.optimole.com\/cb:RIpd.55f7a\/w:1008\/h:195\/q:mauto\/f:best\/https:\/\/www.goednoe.at\/wordpress\/wp-content\/uploads\/2024\/06\/Screenshot-2024-06-23-104731.png 1008w, https:\/\/mlx6iuq9jbbn.i.optimole.com\/cb:RIpd.55f7a\/w:300\/h:58\/q:mauto\/f:best\/https:\/\/www.goednoe.at\/wordpress\/wp-content\/uploads\/2024\/06\/Screenshot-2024-06-23-104731.png 300w, https:\/\/mlx6iuq9jbbn.i.optimole.com\/cb:RIpd.55f7a\/w:768\/h:149\/q:mauto\/f:best\/https:\/\/www.goednoe.at\/wordpress\/wp-content\/uploads\/2024\/06\/Screenshot-2024-06-23-104731.png 768w\" \/><\/figure>\n\n\n\n<p><\/p>\n","protected":false},"excerpt":{"rendered":"<p>\u00dcbersichtInformation hier Pensionsanpassung 2026in der gesetzlichen Pensionsversicherung und im Pensionsrecht der Bundesbeamten dazugeh\u00f6rend auch Landeslehrer Datenquellen: PARLAMENTSKORRESPONDENZ Achten auch Sie auf Ihre Gesundheit.N\u00e4here Informationen bei Ihrer Sozialversicherung. FINANZIELLE UNTERST\u00dcTZUNGFinanzielle Unterst\u00fctzung erhalten G\u00d6D-Mitglieder u.a. bei Hochwasser-, Brand-, Lawinen-, Hagel- bzw. Sturmsch\u00e4den. &#8212;&#8212;&#8212;&#8212;&#8212;&#8212;&#8212;&#8212;&#8212;&#8212;&#8212;&#8212;&#8212;&#8212;&#8212;&#8212;&#8212;&#8212;&#8212;&#8212;&#8212;&#8212;&#8212;&#8212;&#8212;&#8212;&#8211;<\/p>\n","protected":false},"author":1,"featured_media":604,"parent":0,"menu_order":0,"comment_status":"closed","ping_status":"open","template":"","meta":{"footnotes":""},"class_list":["post-86","page","type-page","status-publish","has-post-thumbnail","hentry"],"_links":{"self":[{"href":"https:\/\/www.goednoe.at\/wordpress\/wp-json\/wp\/v2\/pages\/86","targetHints":{"allow":["GET"]}}],"collection":[{"href":"https:\/\/www.goednoe.at\/wordpress\/wp-json\/wp\/v2\/pages"}],"about":[{"href":"https:\/\/www.goednoe.at\/wordpress\/wp-json\/wp\/v2\/types\/page"}],"author":[{"embeddable":true,"href":"https:\/\/www.goednoe.at\/wordpress\/wp-json\/wp\/v2\/users\/1"}],"replies":[{"embeddable":true,"href":"https:\/\/www.goednoe.at\/wordpress\/wp-json\/wp\/v2\/comments?post=86"}],"version-history":[{"count":28,"href":"https:\/\/www.goednoe.at\/wordpress\/wp-json\/wp\/v2\/pages\/86\/revisions"}],"predecessor-version":[{"id":1830,"href":"https:\/\/www.goednoe.at\/wordpress\/wp-json\/wp\/v2\/pages\/86\/revisions\/1830"}],"wp:featuredmedia":[{"embeddable":true,"href":"https:\/\/www.goednoe.at\/wordpress\/wp-json\/wp\/v2\/media\/604"}],"wp:attachment":[{"href":"https:\/\/www.goednoe.at\/wordpress\/wp-json\/wp\/v2\/media?parent=86"}],"curies":[{"name":"wp","href":"https:\/\/api.w.org\/{rel}","templated":true}]}}